{"id":5,"date":"2016-08-19T19:45:06","date_gmt":"2016-08-19T19:45:06","guid":{"rendered":"https:\/\/www.mateusinformatica.com.br\/site\/?page_id=5"},"modified":"2024-06-05T13:38:02","modified_gmt":"2024-06-05T16:38:02","slug":"home","status":"publish","type":"page","link":"https:\/\/www.mateusinformatica.com.br\/site\/","title":{"rendered":"Home"},"content":{"rendered":"<p>[slider_pro id=&#8221;5&#8243;]<\/p>\n<div style=\"display: none;\">\n<p>sistemas de gest\u00e3o passo fundo assist\u00eancia passo fundo, mateus em passo fundo, computador, Passo Fundo RS, computador e sistemas de gest\u00e3o nfe passo fundo<\/p>\n<h1>computador em Passo Fundo,\u00a0mateus passo fundo, assist\u00eancia passo fundo,<\/h1>\n<h2>computador em passo fundo, sistemas de gest\u00e3o passo fundo e regi\u00e3o, assist\u00eancia passo fundo em passo fundo, computador venda mateus sistemas de gest\u00e3o nfe passo fundo, sistemas de gest\u00e3o em passo fundo rs, computador, para passo fundo e regi\u00e3o, computador para passo fundo e regi\u00e3o\u00a0sistemas de gest\u00e3o sistemas de gest\u00e3o sistemas de gest\u00e3o nfe passo fundo de computador em passo fundo, sistemas de gest\u00e3o passo fundo e regi\u00e3o, assist\u00eancia passo fundo em passo fundo, computador venda mateus sistemas de gest\u00e3o nfe passo fundo, sistemas de gest\u00e3o em passo fundo rs, computador,<a title=\"sistemas de gest\u00e3o sistemas de gest\u00e3o sistemas de gest\u00e3o nfe passo fundo de computador em passo fundo, sistemas de gest\u00e3o passo fundo e regi\u00e3o, assist\u00eancia passo fundo em passo fundo, computador venda mateus sistemas de gest\u00e3o nfe passo fundo, sistemas de gest\u00e3o em passo fundo rs, computador, para passo fundo e regi\u00e3o, computador para passo fundo e regi\u00e3o\" href=\"http:\/\/www.mateusinformatica.com.br\">para passo fundo e regi\u00e3o, computador para passo fundo e regi\u00e3o\u00a0sistemas de gest\u00e3o sistemas de gest\u00e3o sistemas de gest\u00e3o nfe passo fundo de computador em passo fundo, sistemas de gest\u00e3o passo fundo e regi\u00e3o, assist\u00eancia passo fundo em passo fundo, computador venda mateus sistemas de gest\u00e3o nfe passo fundo, sistemas de gest\u00e3o em passo fundo rs, computador<\/a>, para passo fundo e regi\u00e3o, computador para passo fundo e regi\u00e3o\u00a0sistemas de gest\u00e3o sistemas de gest\u00e3o sistemas de gest\u00e3o nfe passo fundo de computador em passo fundo, sistemas de gest\u00e3o passo fundo e regi\u00e3o, assist\u00eancia passo fundo em passo fundo, computador venda mateus sistemas de gest\u00e3o nfe passo fundo, sistemas de gest\u00e3o em passo fundo rs, computador, para passo fundo e regi\u00e3o, computador para passo fundo e regi\u00e3o\u00a0sistemas de gest\u00e3o sistemas de gest\u00e3o sistemas de gest\u00e3o nfe passo fundo de computador em passo fundo, sistemas de gest\u00e3o passo fundo e regi\u00e3o, assist\u00eancia passo fundo em passo fundo, computador venda mateus sistemas de gest\u00e3o nfe passo fundo, sistemas de gest\u00e3o em passo fundo rs, computador, para passo fundo e regi\u00e3o,<a title=\"sistemas de gest\u00e3o sistemas de gest\u00e3o sistemas de gest\u00e3o nfe passo fundo de computador em passo fundo, sistemas de gest\u00e3o passo fundo e regi\u00e3o, assist\u00eancia passo fundo em passo fundo, computador venda mateus sistemas de gest\u00e3o nfe passo fundo, sistemas de gest\u00e3o em passo fundo rs, computador, para passo fundo e regi\u00e3o, computador para passo fundo e regi\u00e3o\" href=\"https:\/\/www.mateusinformatica.com.br\/site\">computador para passo fundo e regi\u00e3o\u00a0sistemas de gest\u00e3o sistemas de gest\u00e3o sistemas de gest\u00e3o nfe passo fundo de computador em passo fundo, sistemas de gest\u00e3o passo fundo e regi\u00e3o, cria\u00e7\u00e3o de sit<\/a>es em passo fundo, computador venda mateus sistemas de gest\u00e3o nfe passo fundo, sistemas de gest\u00e3o em passo fundo rs, computador, para passo fundo e regi\u00e3o, computador para passo fundo e regi\u00e3o<\/h2>\n<div id=\"attachment_747\" style=\"width: 353px\" class=\"wp-caption aligncenter\"><a href=\"https:\/\/www.mateusinformatica.com.br\/site\/wp-content\/uploads\/2013\/06\/per\u00edcia-m\u00e9dica-passo-fundo-rs.jpg\"><img decoding=\"async\" aria-describedby=\"caption-attachment-747\" class=\"size-full wp-image-747 \" title=\"sistemas de gest\u00e3o sistemas de gest\u00e3o sistemas de gest\u00e3o nfe passo fundo de computador em Passo Fundo\" src=\"https:\/\/www.mateusinformatica.com.br\/site\/wp-content\/uploads\/2013\/06\/per\u00edcia-m\u00e9dica-passo-fundo-rs.jpg\" alt=\"sistemas de gest\u00e3o sistemas de gest\u00e3o sistemas de gest\u00e3o nfe passo fundo de computador em Passo Fundo\" width=\"343\" height=\"300\"  loading=\"lazy\" \/><\/a><p id=\"caption-attachment-747\" class=\"wp-caption-text\">sistemas de gest\u00e3o sistemas de gest\u00e3o sistemas de gest\u00e3o nfe passo fundo de computador em Passo Fundo<\/p><\/div>\n<\/div>\n","protected":false},"excerpt":{"rendered":"<p>[slider_pro id=&#8221;5&#8243;] sistemas de gest\u00e3o passo fundo assist\u00eancia passo fundo, mateus em passo fundo, computador, [&hellip;]<\/p>\n","protected":false},"author":1,"featured_media":0,"parent":0,"menu_order":0,"comment_status":"closed","ping_status":"closed","template":"template-inicio.php","meta":{"footnotes":""},"class_list":["post-5","page","type-page","status-publish","hentry"],"_links":{"self":[{"href":"https:\/\/www.mateusinformatica.com.br\/site\/wp-json\/wp\/v2\/pages\/5","targetHints":{"allow":["GET"]}}],"collection":[{"href":"https:\/\/www.mateusinformatica.com.br\/site\/wp-json\/wp\/v2\/pages"}],"about":[{"href":"https:\/\/www.mateusinformatica.com.br\/site\/wp-json\/wp\/v2\/types\/page"}],"author":[{"embeddable":true,"href":"https:\/\/www.mateusinformatica.com.br\/site\/wp-json\/wp\/v2\/users\/1"}],"replies":[{"embeddable":true,"href":"https:\/\/www.mateusinformatica.com.br\/site\/wp-json\/wp\/v2\/comments?post=5"}],"version-history":[{"count":18,"href":"https:\/\/www.mateusinformatica.com.br\/site\/wp-json\/wp\/v2\/pages\/5\/revisions"}],"predecessor-version":[{"id":696,"href":"https:\/\/www.mateusinformatica.com.br\/site\/wp-json\/wp\/v2\/pages\/5\/revisions\/696"}],"wp:attachment":[{"href":"https:\/\/www.mateusinformatica.com.br\/site\/wp-json\/wp\/v2\/media?parent=5"}],"curies":[{"name":"wp","href":"https:\/\/api.w.org\/{rel}","templated":true}]}}