{"id":7,"date":"2016-08-19T19:45:16","date_gmt":"2016-08-19T22:45:16","guid":{"rendered":"https:\/\/www.mateusinformatica.com.br\/site\/?page_id=7"},"modified":"2025-07-01T11:09:51","modified_gmt":"2025-07-01T14:09:51","slug":"sobre","status":"publish","type":"page","link":"https:\/\/www.mateusinformatica.com.br\/site\/sobre\/","title":{"rendered":"Sobre"},"content":{"rendered":"<p>A <strong>Mateus Inform\u00e1tica<\/strong>, \u00e9 uma empresa de <strong>Solu\u00e7\u00f5es em Tecnologia, Softwares e Servi\u00e7os<\/strong>, atuando desde 1994, atende empresas dos mais variados segmentos, buscando entender a necessidade de cada cliente, com Suporte e Servi\u00e7os Personalizados.<\/p>\n<blockquote><p><span style=\"color: #000000;\"><em><strong>Miss\u00e3o:<\/strong><\/em><\/span><\/p>\n<p><em>\u201cAtender com excel\u00eancia a necessidade de nossos clientes, Hardware, Software ou Servi\u00e7os.\u201d<\/em><\/p><\/blockquote>\n<blockquote><p><span style=\"color: #000000;\"><em><strong>Vis\u00e3o:<\/strong><\/em><\/span><\/p>\n<p><i>\u201cOferecer solu\u00e7\u00f5es inovadoras e pr\u00e1ticas para pessoas e empresas, atrav\u00e9s do atendimento personalizado e humanizado.\u201d<\/i><\/p><\/blockquote>\n<blockquote><p><span style=\"color: #000000;\"><em><strong>Valores:<\/strong><\/em><\/span><\/p>\n<p><em>\u201cClareza, Profissionalismo, Comprometimento, \u00c9tica e Pontualidade.\u201d<\/em><\/p><\/blockquote>\n<div style=\"display: none;\">\n<p>sistemas comercial passo fundo assist\u00eancia t\u00e9cnica passo fundo, consultoria em passo fundo, automa\u00e7\u00e3o comercial, Passo Fundo RS, automa\u00e7\u00e3o comercial e inform\u00e1tica passo fundo<\/p>\n<h1>automa\u00e7\u00e3o comercial em Passo Fundo,\u00a0consultoria passo fundo, assist\u00eancia t\u00e9cnica passo fundo,<\/h1>\n<h2>automa\u00e7\u00e3o comercial em passo fundo, sistemas comercial passo fundo e regi\u00e3o, assist\u00eancia t\u00e9cnica passo fundo em passo fundo, automa\u00e7\u00e3o comercial venda equipamentos inform\u00e1tica passo fundo, sistemas comercial em passo fundo rs, automa\u00e7\u00e3o comercial, para passo fundo e regi\u00e3o, automa\u00e7\u00e3o comercial para passo fundo e regi\u00e3o\u00a0inform\u00e1tica inform\u00e1tica passo fundo de automa\u00e7\u00e3o comercial em passo fundo, sistemas comercial passo fundo e regi\u00e3o, assist\u00eancia t\u00e9cnica passo fundo em passo fundo, automa\u00e7\u00e3o comercial venda equipamentos inform\u00e1tica passo fundo, sistemas comercial em passo fundo rs, automa\u00e7\u00e3o comercial,<a title=\"inform\u00e1tica inform\u00e1tica passo fundo de automa\u00e7\u00e3o comercial em passo fundo, sistemas comercial passo fundo e regi\u00e3o, assist\u00eancia t\u00e9cnica passo fundo em passo fundo, automa\u00e7\u00e3o comercial venda equipamentos inform\u00e1tica passo fundo, sistemas comercial em passo fundo rs, automa\u00e7\u00e3o comercial, para passo fundo e regi\u00e3o, automa\u00e7\u00e3o comercial para passo fundo e regi\u00e3o\" href=\"https:\/\/www.mateusinformatica.com.br\">para passo fundo e regi\u00e3o, automa\u00e7\u00e3o comercial para passo fundo e regi\u00e3o\u00a0inform\u00e1tica inform\u00e1tica passo fundo de automa\u00e7\u00e3o comercial em passo fundo, sistemas comercial passo fundo e regi\u00e3o, assist\u00eancia t\u00e9cnica passo fundo em passo fundo, automa\u00e7\u00e3o comercial venda equipamentos inform\u00e1tica passo fundo, sistemas comercial em passo fundo rs, automa\u00e7\u00e3o comercial<\/a>, para passo fundo e regi\u00e3o, automa\u00e7\u00e3o comercial para passo fundo e regi\u00e3o\u00a0inform\u00e1tica inform\u00e1tica passo fundo de automa\u00e7\u00e3o comercial em passo fundo, sistemas comercial passo fundo e regi\u00e3o, assist\u00eancia t\u00e9cnica passo fundo em passo fundo, automa\u00e7\u00e3o comercial venda equipamentos inform\u00e1tica passo fundo, sistemas comercial em passo fundo rs, automa\u00e7\u00e3o comercial, para passo fundo e regi\u00e3o, automa\u00e7\u00e3o comercial para passo fundo e regi\u00e3o\u00a0inform\u00e1tica inform\u00e1tica passo fundo de automa\u00e7\u00e3o comercial em passo fundo, sistemas comercial passo fundo e regi\u00e3o, assist\u00eancia t\u00e9cnica passo fundo em passo fundo, automa\u00e7\u00e3o comercial venda equipamentos inform\u00e1tica passo fundo, sistemas comercial em passo fundo rs, automa\u00e7\u00e3o comercial, para passo fundo e regi\u00e3o,<a title=\"inform\u00e1tica inform\u00e1tica passo fundo de automa\u00e7\u00e3o comercial em passo fundo, sistemas comercial passo fundo e regi\u00e3o, assist\u00eancia t\u00e9cnica passo fundo em passo fundo, automa\u00e7\u00e3o comercial venda equipamentos inform\u00e1tica passo fundo, sistemas comercial em passo fundo rs, automa\u00e7\u00e3o comercial, para passo fundo e regi\u00e3o, automa\u00e7\u00e3o comercial para passo fundo e regi\u00e3o\" href=\"https:\/\/www.mateusinformatica.com.br\/site\">automa\u00e7\u00e3o comercial para passo fundo e regi\u00e3o\u00a0inform\u00e1tica inform\u00e1tica passo fundo de automa\u00e7\u00e3o comercial em passo fundo, sistemas comercial passo fundo e regi\u00e3o, cria\u00e7\u00e3o de sit<\/a>es em passo fundo, automa\u00e7\u00e3o comercial venda equipamentos inform\u00e1tica passo fundo, sistemas comercial em passo fundo rs, automa\u00e7\u00e3o comercial, para passo fundo e regi\u00e3o, automa\u00e7\u00e3o comercial para passo fundo e regi\u00e3o<\/h2>\n<div id=\"attachment_747\" style=\"width: 353px\" class=\"wp-caption aligncenter\"><a href=\"https:\/\/www.mateusinformatica.com.br\/site\/wp-content\/uploads\/2013\/06\/per\u00edcia-m\u00e9dica-passo-fundo-rs.jpg\"><img decoding=\"async\" aria-describedby=\"caption-attachment-747\" class=\"size-full wp-image-747 \" title=\"inform\u00e1tica inform\u00e1tica passo fundo de automa\u00e7\u00e3o comercial em Passo Fundo\" src=\"https:\/\/www.mateusinformatica.com.br\/site\/wp-content\/uploads\/2013\/06\/per\u00edcia-m\u00e9dica-passo-fundo-rs.jpg\" alt=\"inform\u00e1tica inform\u00e1tica passo fundo de automa\u00e7\u00e3o comercial em Passo Fundo\" width=\"343\" height=\"300\"  loading=\"lazy\" \/><\/a><p id=\"caption-attachment-747\" class=\"wp-caption-text\">inform\u00e1tica inform\u00e1tica passo fundo de automa\u00e7\u00e3o comercial em Passo Fundo<\/p><\/div>\n<\/div>\n","protected":false},"excerpt":{"rendered":"<p>A Mateus Inform\u00e1tica, \u00e9 uma empresa de Solu\u00e7\u00f5es em Tecnologia, Softwares e Servi\u00e7os, atuando desde [&hellip;]<\/p>\n","protected":false},"author":1,"featured_media":0,"parent":0,"menu_order":0,"comment_status":"closed","ping_status":"closed","template":"","meta":{"footnotes":""},"class_list":["post-7","page","type-page","status-publish","hentry"],"_links":{"self":[{"href":"https:\/\/www.mateusinformatica.com.br\/site\/wp-json\/wp\/v2\/pages\/7","targetHints":{"allow":["GET"]}}],"collection":[{"href":"https:\/\/www.mateusinformatica.com.br\/site\/wp-json\/wp\/v2\/pages"}],"about":[{"href":"https:\/\/www.mateusinformatica.com.br\/site\/wp-json\/wp\/v2\/types\/page"}],"author":[{"embeddable":true,"href":"https:\/\/www.mateusinformatica.com.br\/site\/wp-json\/wp\/v2\/users\/1"}],"replies":[{"embeddable":true,"href":"https:\/\/www.mateusinformatica.com.br\/site\/wp-json\/wp\/v2\/comments?post=7"}],"version-history":[{"count":46,"href":"https:\/\/www.mateusinformatica.com.br\/site\/wp-json\/wp\/v2\/pages\/7\/revisions"}],"predecessor-version":[{"id":733,"href":"https:\/\/www.mateusinformatica.com.br\/site\/wp-json\/wp\/v2\/pages\/7\/revisions\/733"}],"wp:attachment":[{"href":"https:\/\/www.mateusinformatica.com.br\/site\/wp-json\/wp\/v2\/media?parent=7"}],"curies":[{"name":"wp","href":"https:\/\/api.w.org\/{rel}","templated":true}]}}